me factors of 12615715.
5, 7, 19, 61, 311
List the prime factors of 179943495.
3, 5, 47, 255239
List the prime factors of 4122307161.
3, 7, 47, 51563
List the prime factors of 2129585685.
3, 5, 373, 380623
What are the prime factors of 1860551015?
5, 372110203
List the prime factors of 194539965.
3, 5, 83, 156257
What are the prime factors of 531755340?
2, 3, 5, 1321, 6709
List the prime factors of 12348011.
13, 41, 23167
List the prime factors of 1086201408.
2, 3, 5657299
What are the prime factors of 379988889?
3, 7, 149, 121441
List the prime factors of 249637519.
719, 347201
List the prime factors of 119585526.
2, 3, 19930921
What are the prime factors of 21253069?
71, 127, 2357
What are the prime factors of 730113018?
2, 3, 121685503
List the prime factors of 401465014.
2, 157, 1278551
What are the prime factors of 65421422?
2, 11, 2973701
List the prime factors of 457099404.
2, 3, 137, 278041
What are the prime factors of 2614204469?
2614204469
List the prime factors of 712873050.
2, 3, 5, 397, 11971
List the prime factors of 2061358987.
17, 239, 507349
What are the prime factors of 11635630?
2, 5, 419, 2777
What are the prime factors of 75007332?
2, 3, 17, 122561
What are the prime factors of 28434167?
37, 768491
What are the prime factors of 484592008?
2, 60574001
What are the prime factors of 47964919?
47964919
What are the prime factors of 5394518222?
2, 1987, 1357453
List the prime factors of 288483887.
288483887
List the prime factors of 634455210.
2, 3, 5, 109, 251, 773
What are the prime factors of 820266894?
2, 3, 23, 359, 5519
List the prime factors of 1179314265.
3, 5, 78620951
What are the prime factors of 233579961?
3, 3371, 7699
What are the prime factors of 1611403362?
2, 3, 71, 420293
List the prime factors of 306256138.
2, 59, 509, 5099
List the prime factors of 78538520.
2, 5, 1963463
What are the prime factors of 352106060?
2, 5, 31, 37, 15349
List the prime factors of 309417531.
3, 4481, 23017
List the prime factors of 1164269404.
2, 291067351
What are the prime factors of 472482031?
7, 23, 2934671
List the prime factors of 176401086.
2, 3, 457, 64333
List the prime factors of 168675804.
2, 3, 11, 41, 3463
List the prime factors of 16058107.
13, 1235239
List the prime factors of 20638216.
2, 2579777
What are the prime factors of 533224851?
3, 61, 2913797
List the prime factors of 219424371.
3, 911, 80287
What are the prime factors of 45510749?
3251, 13999
List the prime factors of 843101650.
2, 5, 16862033
What are the prime factors of 56507365?
5, 11301473
What are the prime factors of 2162568647?
21893, 98779
List the prime factors of 42070638.
2, 3, 1699, 4127
List the prime factors of 97787460.
2, 3, 5, 41, 127, 313
What are the prime factors of 909291793?
2713, 335161
List the prime factors of 35838399.
3, 11946133
What are the prime factors of 1261492028?
2, 571, 552317
List the prime factors of 30366913.
17, 71, 139, 181
What are the prime factors of 2674714916?
2, 47, 14227207
List the prime factors of 3445775487.
3, 7, 11, 193, 25763
What are the prime factors of 298850308?
2, 941, 79397
List the prime factors of 6832948.
2, 1009, 1693
List the prime factors of 253604097.
3, 28178233
List the prime factors of 92827962.
2, 3, 283, 18223
List the prime factors of 93277487.
17, 5486911
List the prime factors of 2106899369.
17, 71, 163, 10709
List the prime factors of 624606613.
12953, 48221
What are the prime factors of 970967240?
2, 5, 17, 1427893
What are the prime factors of 571400530?
2, 5, 1973, 28961
List the prime factors of 42354051.
3, 14118017
List the prime factors of 983518068.
2, 3, 13, 17, 137, 2707
What are the prime factors of 79225932?
2, 3, 6602161
What are the prime factors of 81788416?
2, 31, 5153
List the prime factors of 229868432.
2, 2699, 5323
List the prime factors of 63912722.
2, 23, 193, 313
List the prime factors of 44212507.
107, 413201
List the prime factors of 158012669.
158012669
List the prime factors of 354472951.
7, 43, 1177651
List the prime factors of 1901690088.
2, 3, 19, 503, 8291
What are the prime factors of 35802700?
2, 5, 97, 3691
List the prime factors of 3548212855.
5, 11, 19, 373, 9103
What are the prime factors of 146296514?
2, 7, 13, 23, 34949
What are the prime factors of 105887752?
2, 13235969
What are the prime factors of 1805576731?
7, 89, 2898197
List the prime factors of 7112417379.
3, 2370805793
List the prime factors of 156387346.
2, 78193673
What are the prime factors of 179670326?
2, 11, 2017, 4049
List the prime factors of 1850119125.
3, 5, 971, 5081
List the prime factors of 53799899.
53799899
List the prime factors of 418596410.
2, 5, 19, 31, 71069
List the prime factors of 15616656.
2, 3, 11, 9859
List the prime factors of 158990698.
2, 17, 193, 24229
What are the prime factors of 25732114?
2, 2113, 6089
What are the prime factors of 3876594277?
3876594277
What are the prime factors of 1115650935?
3, 5, 7, 983, 1201
What are the prime factors of 26453828?
2, 877, 7541
What are the prime factors of 136479509?
61, 2237369
What are the prime factors of 61175463?
3, 20391821
What are the prime factors of 703546353?
3, 78171817
What are the prime factors of 40775099?
73, 558563
List the prime factors of 21243797.
3109, 6833
What are the prime factors of 289789124?
2, 971, 74611
List the prime factors of 140845668.
2, 3, 1451, 8089
List the prime factors of 145627458.
2, 3, 59, 97, 4241
List the prime factors of 106678460.
2, 5, 7, 619, 1231
What are the prime factors of 1139777014?
2, 1021, 558167
What are the prime factors of 3404583824?
2, 43, 4948523
List the prime factors of 30531483.
3, 1171, 2897
What are the prime factors of 432515648?
2, 907, 7451
What are the prime factors of 19874306?
2, 241, 41233
List the prime factors of 788669785.
5, 1493, 105649
List the prime factors of 284247440.
2, 5, 563, 6311
What are the prime factors of 5050176284?
2, 131, 9637741
List the prime factors of 2630817.
3, 7, 41759
What are the prime factors of 2153640724?
2, 43, 263, 47609
List the prime factors of 4316273106.
2, 3, 17, 47, 900349
What are the prime factors of 292554233?
29, 10088077
List the prime factors of 18210295.
5, 97, 37547
List the prime factors of 2314359615.
3, 5, 5099, 30259
What are the prime factors of 199476841?
277, 720133
List the prime factors of 154004870.
2, 5, 17, 61, 14851
What are the prime factors of 37151980?
2, 5, 1857599
List the prime factors of 5198966753.
179, 29044507
What are the prime factors of 1052182387?
1052182387
What are the prime factors of 1655120198?
2, 61, 13566559
List the prime factors of 1564319406.
2, 3, 13, 20055377
What are the prime factors of 502601098?
2, 251300549
List the prime factors of 627327707.
59, 10632673
What are the prime factors of 2857472695?
5, 7, 11, 127, 58441
What are the prime factors of 1901107493?
1901107493
What are the prime factors of 455942968?
2, 13, 4384067
What are the prime factors of 1198912583?
11, 108992053
List the prime factors of 3147941573.
7, 4289, 104851
List the prime factors of 433865898.
2, 3, 347, 69463
List the prime factors of 1795089355.
5, 359017871
What are the prime factors of 23311326?
2, 3, 3885221
What are the prime factors of 3459128197?
7, 739, 95527
What are the prime factors of 3748576338?
2, 3, 13, 37, 432961
List the prime factors of 4496165790.
2, 3, 5, 281, 533353
What are the prime factors of 412438834?
2, 206219417
What are the prime factors of 4817282945?
5, 17, 29, 1954273
What are the prime factors of 4045670443?
101, 359, 111577
List the prime factors of 255049524.
2, 3, 31, 228539
What are the prime factors of 21639782?
2, 10819891
What are the prime factors of 481231734?
2, 3, 19, 1129, 3739
What are the prime factors of 59845266?
2, 3, 13, 103, 191
What are the prime factors of 367603078?
2, 183801539
List the prime factors of 315376061.
7, 11, 13, 17, 43, 431
List the prime factors of 44568391.
7, 129937
List the prime factors of 984215419.
11, 61, 71, 73, 283
What are the prime factors of 188852295?
3, 5, 2417, 5209
List the prime factors of 207439640.
2, 5, 5185991
List the prime factors of 149357957.
7, 41, 520411
List the prime factors of 2300144549.
211, 2687, 4057
List the prime factors of 364386975.
3, 5, 4858493
What are the